he units digit of t(n)?
0
Suppose 9*p - 2*p - 1043 = 0. What is the hundreds digit of p?
1
Let c(y) = y**3 + y**2 - 1. Let z be c(-2). Let a(x) = -3 - 7*x - x**2 + 0*x**2 + 0*x**2. What is the units digit of a(z)?
7
Let p be ((-1)/2)/(9/(-18)). Let b be 1*9/3 - p. Suppose 0 = -m - b*m + 51. What is the units digit of m?
7
Suppose 0*c - c + 5 = 0. Let n be 0 + 5*(-4)/(-10). Let i = c - n. What is the units digit of i?
3
Suppose -5*h - 25 = 0, -h + 0*h + 139 = 4*w. What is the tens digit of w?
3
Let u(n) = -n**3 + 2*n**2 + 2*n - 2. Let a be u(2). Suppose 5*b - 5 = -a*p, 3*p + 0*b - 5 = -5*b. Let v = 1 + p. What is the units digit of v?
1
Let r(b) = -b - 10. Let y be ((-18)/(-15) - 2)*10. Let o be r(y). What is the units digit of 3/o*12/(-9)?
2
Let v(h) = -2*h + 7*h**2 + 1 + h**2 - 2*h**3 + 4*h + 3*h**3. What is the tens digit of v(-7)?
3
Suppose -2*b + 0*b + 4 = 0. Suppose 23 = 2*v - 5*c, c - 44 = -b*v + 9. What is the units digit of v?
4
Suppose 3 + 13 = 2*z. What is the units digit of (-3)/(-2)*(-6 + z)?
3
Let j(q) = q**3 - 5*q**2 - 3*q + 5. Let c(o) = o**3 - 5*o**2 - 4*o + 6. Let r(k) = 3*c(k) - 4*j(k). What is the tens digit of r(4)?
1
Suppose -5*a + w - 3*w - 14 = 0, -5*w = 2*a + 14. Let f be a/(-3)*(-2 + 11). What is the units digit of ((-35)/(-15))/(2/f)?
7
What is the tens digit of (-24)/16*(-182)/3?
9
Suppose 2*w + 10 = 5*t, 0 = 3*w - 0*t + 2*t - 23. Suppose 2*q + w = -n, -10 = 5*n - q + 4. Let b(m) = -2*m - 4. What is the units digit of b(n)?
2
Suppose -k + 5 = 3. Suppose 20 = 3*s + k*s. What is the units digit of s?
4
Suppose 0 = 4*t + 6*t - 2270. What is the units digit of t?
7
Suppose -5*t - 2*y + 317 = 0, 203 = 3*t - y - y. Let h = t + -28. What is the units digit of h?
7
Suppose 5*q - q = 0. Let a = 4 + q. Suppose -a = j - 3*j. What is the units digit of j?
2
What is the tens digit of 4448/60 + 4/(-30)?
7
Let g(s) = -s**3 - 4*s**2 + s + 12. What is the units digit of g(-6)?
8
Let z = 2 + 2. Suppose 86 = 5*q + 4*r, -68 = -z*q - 2*r - r. What is the units digit of q?
4
Suppose -p + 102 = 2*p. What is the tens digit of (-2)/(1 + p/(-32))?
3
Let d = -16 - -23. What is the units digit of d?
7
Let f(l) = 2 + 2*l - 4*l**3 - l + 3*l**3 + 2*l. Let n be f(-2). What is the units digit of n/2 + (-1 - -8)?
9
Suppose 0*g - 783 = -3*g. What is the tens digit of g?
6
Let o(p) = p**3 - 6*p**2 + 3*p + 4. Suppose i - 8 + 2 = 0. Let t be o(i). Suppose 2*l + 3*d + 2*d + 16 = 0, -5*l = -3*d - t. What is the units digit of l?
2
Let g(j) = 259*j**2 + 119. Let m(v) = -5*v**2 - 8*v**2 - 6 + 0. Let r(z) = 6*g(z) + 119*m(z). What is the units digit of r(1)?
7
Let v be (1/2)/(3/6). Let r(j) = 0 + v - 3*j + 2*j + j**2. What is the units digit of r(2)?
3
Suppose 0 = 4*k - 20, -4*u = -5*k - 63 - 120. Let v = u - 20. What is the units digit of v?
2
Let m = 23 - -5. What is the units digit of m?
8
Let z be (-3)/1*31/(-3). Let y = 65 - z. Suppose -s = -m, -3*s - 5*m - 2 = -y. What is the units digit of s?
4
Suppose 25*k = 29*k - 16. What is the units digit of k?
4
Suppose 3*u - 8 - 1 = 0. Let c(j) = 0*j**u - j**3 + 4 + 9*j**2 + 1. What is the units digit of c(9)?
5
Let q be (-132)/(-9) + (-6)/9. Suppose -3*v + 41 = q. What is the units digit of v?
9
Let n = -13 - -8. Let t be 20 - n - 4/(-2). Let u = t - 15. What is the tens digit of u?
1
Let b = 15 - -4. Suppose -3*q + b = -17. What is the tens digit of q?
1
Let k be 1/2*2*2. Suppose -21 = -g + 5*s, -k*s = 3*g + 3*s - 103. What is the tens digit of g?
3
Suppose -2*i + 58 = 2*i + 2*s, -4*i = s - 63. What is the units digit of 0 + (-1)/((-1)/i)?
7
Let h = 33 - -3. What is the tens digit of h?
3
Let n(f) = 2*f**2 + 4. What is the units digit of n(2)?
2
Let b be (-6)/45 - (-501)/45. Let y(m) = -m + 21. What is the tens digit of y(b)?
1
What is the tens digit of (-8)/(12/(-3))*31?
6
What is the units digit of 112/18 + 2/(-9)?
6
Let y(a) = -a**2 + 7*a - 6. Let r be y(6). Let q be 5 - (-2 - (-2 + 3)). Suppose 4*i - q = -r*i, 4*p - 42 = -i. What is the units digit of p?
0
Suppose 0*r = -3*r + 15. Suppose 0 = 5*d + 25, -4*f + r*d = 2*d - 31. What is the units digit of (-90)/25*(-10)/f?
9
Let n(t) = t**2 - 3*t - 2. Let a(h) = -h**2 - 7*h + 7. Let y be a(-7). What is the tens digit of n(y)?
2
What is the tens digit of 3/1 + 23 - 2?
2
What is the units digit of (-2)/(-8) - (-334)/8?
2
Suppose 0 = -4*t + 5 + 7. Suppose t*u = 0, 0*u = s - 5*u - 22. What is the units digit of s?
2
Let a(s) = -7*s - 9. Suppose -5*k - 35 + 5 = 0. Let m be a(k). What is the units digit of (-6)/m - 158/(-22)?
7
Let k be 1*(-3)/(-6)*-10. Let s(d) = d**3 + 7*d**2 + 5*d - 1. What is the units digit of s(k)?
4
Let l(p) = -p**3 - 10*p**2 + 9. Let x be l(-10). Suppose 5*b = 1 + x. What is the units digit of b?
2
Suppose 20 = -y + 48. Suppose y - 4 = 3*r. Let s = r - 2. What is the units digit of s?
6
Suppose -4*q + 6*q = 580. Suppose -4*o = -5*h + q - 88, -4*o = -4*h + 160. What is the units digit of h?
2
Let u(j) be the third derivative of j**4/24 + j**3/3 + 2*j**2. Let g be u(0). Suppose -5*k - 5*x + 29 = 4, 0 = 4*k - 2*x - g. What is the units digit of k?
2
Let z = 1 + 2. Suppose 0 = 5*a - a. Let x = z - a. What is the units digit of x?
3
Let d(c) = -2*c - 6. Let s be d(7). Let l = 32 + s. What is the units digit of l?
2
Suppose 4 = 3*n + 1. Let k = -6 + 8. What is the units digit of 6*n + k/(-1)?
4
Let a(g) = g**2 + 5*g + 2. Let r be a(-3). Let u(b) = b**3 + 4*b**2 - 3*b - 2. What is the tens digit of u(r)?
1
Let s be 4*2*-1 + 1. What is the units digit of (s/(-4))/(2/8)?
7
Suppose 0 = 2*w - 175 + 29. What is the units digit of w?
3
Let y(u) = -u - 1. Let k be y(-3). Suppose -31 + 5 = -k*h. Let c = h - 2. What is the tens digit of c?
1
Let q(h) = -h**3 - 5*h**2 + 7*h + 7. Suppose -t + 4*m - 32 = 3*t, 22 = -4*t - m. Let w be q(t). Let c(f) = 6*f**3 + f**2 - 1. What is the units digit of c(w)?
6
Suppose 2*c + 776 = 4*j, -2*c + 16 = -6*c. What is the units digit of j?
2
Let h(r) = -2*r - 5. Let n be h(-5). Suppose -9 = 4*l + n*m + 51, -m = 4*l + 44. Let u = 15 + l. What is the units digit of u?
5
Suppose a - 3*a = -86. Suppose -4*q = 3*p - a, 3 = -p - 0*p. What is the tens digit of q?
1
Let u(p) = 8*p**3 + 2*p + 1. Let r be u(-1). Let x = 20 - 34. Let j = r - x. What is the units digit of j?
5
Let y(z) = -z**2 + z - 1. Let o be y(2). Let l = 18 + o. Suppose m - l = -3*r, m - 2*m = -r - 7. What is the units digit of m?
9
Suppose t + 4*v = 25, t + 2*t - 5*v = 92. What is the tens digit of t?
2
Suppose 5*y + 5 + 15 = 0. Let w = 3 - y. What is the units digit of w?
7
Let b(f) = 56*f**2 - 2*f + 9. Let m(l) = -28*l**2 + l - 4. Let u(w) = -3*b(w) - 7*m(w). What is the tens digit of u(1)?
2
Suppose -5*u + 4 + 11 = 0. Suppose u = r - 22. What is the units digit of r?
5
Let t(v) = 2*v**2 - 4*v + 3. Let o be t(2). Suppose -5*y - 2 = -o*w + 8, 10 = -5*w - 5*y. What is the units digit of 2 - (w - 2 - 1)?
5
Let p(o) = -3*o + 0*o + 2*o - 7. Let r = -16 + 8. What is the units digit of p(r)?
1
Let k(t) = -5*t**3 - 2*t**2 + 3*t - 4. What is the units digit of k(-3)?
4
Suppose 2*r + 3 = 7. Suppose 0 = r*b - b - 43. What is the tens digit of b?
4
Let f(x) = x**2 + 2*x - 1. Let t be f(-2). Let a = 3 + t. Suppose 0 = -a*l + l + 11. What is the tens digit of l?
1
Let t = 5 + -3. Suppose 0*o = -t*o + 12. What is the units digit of o?
6
Let z(t) = 132*t**2. What is the hundreds digit of z(1)?
1
Let b be (12/1)/(1/5). Let r = -6 + b. What is the tens digit of r?
5
Let p(t) be the third derivative of t**6/120 - 11*t**5/60 + t**4/12 - t**3/3 - 3*t**2. What is the units digit of p(11)?
0
Let n = -388 + 168. Let s be (24/16)/((-3)/n). Suppose b + s = 6*b. What is the tens digit of b?
2
Let c(s) = -s**2 + 16*s + 10. Let f be c(7). Suppose 15 = -2*k + f. What is the units digit of k?
9
Let h be (3/(-6))/((-1)/6). Let c = h + 0. Suppose r + c = 7. What is the units digit of r?
4
Suppose 2*c + 5*s - 9 = 0, -2*s + 1 = 2*c - 5. Suppose -3*r + c*r + 11 = 0. Suppose 3*l + r = 5*n, -n + 23 = l + 4*n. What is the units digit of l?
3
Let k = -179 - -368. What is the hundreds digit of k?
1
Suppose -o - 317 = -5*o + 5*u, 0 = -5*o - 3*u + 350. What is the tens digit of o?
7
Suppose 2*q + 8*q - 530 = 0. What is the units digit of q?
3
Suppose 0*c = 2*c + 12. Let f = c + 6. Let g(t) = -t**2 + 1